ate n(j).
17
Let u(l) = l**3 - 6*l**2 + 6*l - 1. Let v = 25 - 11. Let h(c) = -c + 15. Let j be h(v). Let x be 44/8 + j/(-2). Give u(x).
4
Let b(y) be the second derivative of y**6/360 + y**5/15 + y**4/12 - y**3/6 - 11*y**2/2 - 74*y + 2. Let o(x) be the second derivative of b(x). Give o(-7).
-5
Let q(z) = 4*z**2 - 1. Suppose 19*l - 180 = 23*l. Let k = l - -38. Let s(h) = h**2 + 9*h + 13. Let y be s(k). What is q(y)?
3
Let b = 116 - 118. Let z = b + 0. Let k(n) = 2 - 2 - 8*n - 1. Calculate k(z).
15
Let d(w) = 3 + 3 - w - 6. Let g be (-8)/(-64)*8 - (6 - 14). Give d(g).
-9
Let r(d) = 17*d**3 + 137*d**2 + 17*d + 56. Let k(l) = 3*l**3 + 24*l**2 + 1. Let u(h) = -6*k(h) + r(h). Determine u(-8).
-22
Let g = -401 - -424. Let i(p) = g*p + 65 - 31 - 27 - 18*p. Suppose -y - 17 = z + 3*z, 0 = 3*z + 4*y + 3. Calculate i(z).
-18
Let n(p) = -p**2 - 40*p - 71. Let z be n(-38). Suppose 0 = -0*d + 3*d - z*i - 14, i = 3*d + 2. Let a(y) = y**2 + y + 2. Give a(d).
4
Let h(b) be the second derivative of -b**7/840 + b**5/40 - b**4/12 + b**3 - 2*b**2 + 35*b. Let s(y) be the second derivative of h(y). Give s(2).
-4
Let f(q) be the third derivative of -3*q**2 - 1/12*q**4 + 0 - 8*q - 1/6*q**3 - 1/60*q**5. Give f(2).
-9
Let z(w) = -2*w**2 - 10*w - 18. Suppose 61*r + 248 = 166 - 528. Give z(r).
-118
Let g(o) be the second derivative of 7*o**3/6 - 135*o**2 - 2*o + 5013. Give g(38).
-4
Let z(g) = g**2 + 8*g + 7. Let p be z(-7). Suppose 0 = -3*r, p = 2*b + 3*r - 5*r - 6. Let d(k) = -2*k**2 + 3*k + 4. Determine d(b).
-5
Let o(h) = 4*h - 5. Let k be (-7 - -1)*(-24)/(-24) + -9. Determine o(k).
-65
Let y(g) = -8*g + 12. Let i(a) = -17*a + 25. Let k(t) = -4*i(t) + 7*y(t). Let z be k(2). Let v(q) = -q**2 + 9*q - 9. Calculate v(z).
-1
Suppose -8*o + 110 = 14*o. Let q(w) = 25*w**3 + 3*w**2 + 2*w - 5. Let n(u) = 13*u**3 + u**2 + u - 2. Let l(r) = o*n(r) - 2*q(r). Give l(1).
15
Let k(f) = f - 18. Suppose 159*c + 148*c = 244*c + 378. Give k(c).
-12
Let s(r) = 4*r - 79 + 16 + 32 + 33. Calculate s(6).
26
Suppose -3*s = -170 + 164. Let l(f) = 4*f + 3. Let g(v) = 2*v + 2. Let m(b) = s*l(b) - 3*g(b). Determine m(2).
4
Let f(m) = -3*m**3 + 4*m**2 + 2*m - 10. Let c be 9*(130/117)/5. What is f(c)?
-14
Suppose 0 = 4*v + 4, s - 2*v - 295 - 44 = 0. Let r = s - 341. Let x(z) = -z - 8. Determine x(r).
-4
Let c(m) be the second derivative of 0 - 5/6*m**3 - 4*m + 3/2*m**2 + 1/12*m**4. Give c(4).
-1
Let g = 107 - 99. Suppose g*j + 135 = -19*j. Let r(n) = 0*n**2 - 4*n + n**2 + 3 - n**3 - 7*n**2. What is r(j)?
-2
Let w(p) = 14*p - 4. Let v(l) = 32*l - 8. Let j(b) = 3*v(b) - 7*w(b). Suppose 2*r = -6*k + 3*k + 76, 4*r = 4*k - 88. Suppose -o = 3*o - k. What is j(o)?
-8
Let y(d) = 489*d**2 - 491*d**2 - 11 - 211*d - 30*d**3 + 198*d. Determine y(-1).
30
Let m(o) be the second derivative of 2*o**3 + 21*o**2/2 + 4*o - 24. Calculate m(-5).
-39
Let w(x) be the third derivative of -x**4/8 - x**3/2 + 26*x**2 + 11. Suppose -5 = -2*k + 3*k, -2*l + 3*k = -19. Determine w(l).
-9
Let c(t) = 2*t**2 + 841*t - 858*t - 52 - 4*t**2 + t**2. What is c(-13)?
0
Let j(a) = -15*a - 9. Suppose -3*t + 38 = -11*v + 12*v, v + 94 = 9*t. Determine j(t).
-174
Let n(p) = 18*p**2 + 5*p - 5. Let m(j) = -2*j**2 + 1. Let u(q) = 6*m(q) + n(q). Determine u(-2).
15
Let m(b) be the third derivative of b**6/120 - b**5/12 - b**4/8 + b**3 + 3*b**2. Let l be (7 - 14) + 5/(-1). Let s = 16 + l. What is m(s)?
-22
Let s(o) = -4*o**2 + 1 - o**3 + 0*o**3 - o + 1. Let b be 5*8/6*(-15)/50. Let a be (-93)/31 + 3/6*b. What is s(a)?
6
Let j be 28/4 - 3 - 10. Let s(b) = -4*b + 2. Let z(u) = 3*u - 24 + 16 + 6. Let c(m) = -2*s(m) - 3*z(m). Give c(j).
8
Let c(w) = 10*w + 2. Let a(g) = -3*g - 85. Let j be a(-14). Let i = -45 - j. Calculate c(i).
-18
Suppose -5*q + 626 + 304 = 0. Let l = q + -67. Let o = 122 - l. Let x(a) = a**3 - 2*a**2 - 4*a + 1. Calculate x(o).
-2
Let m(v) = 3*v + 8. Let x be m(-1). Let k(s) = -2 + 23*s - 18*s + 0*s**2 + 9 - s**2. Give k(x).
7
Let w(t) be the first derivative of -3*t**2 - 2. Let k be ((-2)/(-8))/((-1)/148). Let j = k - -38. Calculate w(j).
-6
Let n(b) = -14*b**2 - 126*b. Let i be n(-9). Let t(r) be the second derivative of 1/6*r**3 + 3/2*r**2 + 3*r + i. Calculate t(6).
9
Let q(r) = -r**2 - 13*r - 23. Let n be (98/(-98))/(1/11). Determine q(n).
-1
Let h be -5*(-2)/(-30)*(-3)/3. Let q(f) be the second derivative of -f**2 + 0 - 1/20*f**5 + h*f**4 + 9*f + 0*f**3. What is q(4)?
-2
Let l(h) = -307*h - 2*h**2 + 297 - 285 + 268*h. What is l(-20)?
-8
Let l(y) = -3*y + 5. Let b = -81 + 85. Let m be (-4 + 2)/b*(-12)/(-2). Let d(j) = 1. Let u(r) = m*d(r) - l(r). What is u(4)?
4
Let j(a) = 3*a + 3. Let c(s) = -2*s**3 - 10*s**2 + 10*s - 3. Let n(m) = -c(m) - j(m). What is n(-6)?
6
Let g(z) = 27 - 39*z - 3*z**2 + 10*z + 75*z. What is g(16)?
-5
Let q(g) = -g**3 + 2*g**2 + 3*g - 2. Suppose -4*i + 51 = 3*f, -f - 2*f = 5*i - 60. Suppose 4*h - i*h + 30 = 4*r, -h = -2*r + 8. Determine q(h).
4
Let i(t) = 33 - 20*t + 2*t - 5*t**2 + 4*t**2 + 4*t**2 + 28*t. Give i(-4).
41
Let d(f) = -5*f**2 - 233*f + 39. Let q(y) = 4*y**2 + 191*y - 40. Let o(i) = 5*d(i) + 6*q(i). Determine o(-17).
-11
Let o(m) = m**3 + 4*m**2 + 3*m - 6. Let t be ((-11)/11)/(3 - 4) - 4. Give o(t).
-6
Let s(r) = -99*r + 10. Let c(z) = 117*z - 12. Let a(h) = -5*c(h) - 6*s(h). Calculate a(-1).
-9
Let b = 2058 + -2039. Let v(u) = -u**3 - u**2 - 2*u - 1. Let q be v(-3). Let h(l) = -q*l**2 + 65*l**2 - 27*l**2 - l**3 + 2*l - b*l**2. Determine h(-4).
-8
Suppose i - 3 = 1. Let w(l) = 5*l - 5. Let j(k) = -15*k + 14. Let v be (-10 - 7 - -5) + -5. Let m(h) = v*w(h) - 6*j(h). Give m(i).
21
Let s(g) = -g**2 + 8*g - 15. Let x be s(4). Let a(n) = -6*n**3 - 2*n**2 - 5*n + 6. Give a(x).
-7
Let n(k) be the first derivative of 0*k**2 + 1/3*k**3 + k - 10. Let p(b) = -11*b**2 + b - 4. Let m(c) = 4*n(c) + p(c). Give m(1).
-6
Let d(r) = 2*r - 105. Let x(g) = 3*g - 14. Let k(u) = -d(u) - 4*x(u). Calculate k(12).
-7
Suppose -62 = -15*r - 16*r. Let u(z) = z**r - 5 + 6*z - 9 + 7 + 11. Determine u(-3).
-5
Let i(j) = 11*j**3 + j**2 - 1. Let b be (-123)/25 + 5 - (-156)/(-75). What is i(b)?
-85
Let h(k) = -172*k + 8. Let g be h(0). Let t(c) = c**2 - 10*c - 8. Give t(g).
-24
Let r(w) = w**3 - 7*w**2 + 5*w. Let x(j) = -4*j - 32. Let f be x(-8). Let a(y) = y**2 + 5*y + 6. Let q be a(f). Calculate r(q).
-6
Let n be (53 + -47)/(6/33). Let m(z) = -2*z**2 + 67*z - 8. Determine m(n).
25
Let t(m) = m**2 + 15*m - 327. Let v(y) = y**2 + 20*y - 326. Let k(c) = -3*t(c) + 2*v(c). Calculate k(-21).
-7
Suppose 54 = -2712*p + 2739*p. Let u(m) = -1 + 5 - 10*m + 2 + m**2. Let z(s) = -s + 1. Let o(h) = u(h) - 5*z(h). Determine o(p).
-5
Let a = 24 + -20. Suppose -2*h - 8 = a*s, 2*h - 4*s - 19 = s. Let v(d) = 0*d**2 + 4*d**h - 5 - 8*d + d + 0 + d**3. Calculate v(-5).
5
Suppose 3*p - 11*u - 4 = -10*u, -4*p + u = -5. Let k(a) = -12*a**2 + 9*a**2 - a + 2*a**2. Calculate k(p).
-2
Suppose 2*a + 10 = -3*z, z - 3*z - 20 = 4*a. Let x be z/2*6/12. Suppose x = -5*j - 15, -h - 13 = -3*j + 6*j. Let u(s) = -s**2 - 6*s - 1. What is u(h)?
7
Let k(y) = -1 + y - 7 - 7. Let p(z) = 751 + 2*z - z - 767. Let c(i) = 7*k(i) - 6*p(i). Determine c(7).
-2
Let m be (-7 + (-492)/(-60))/((-2)/10). Let v be 2/m*(7 + -7). Let j(q) = -q**2 - 22. Determine j(v).
-22
Let v be -2*(-2 - -1) + -2 + 0. Let f(j) be the third derivative of j**4/24 - j**3/3 + 6*j**2 - 4. What is f(v)?
-2
Let l(i) = 2*i**3 - 5*i**2. Let h be 1066/273 - 16/(-168). Determine l(h).
48
Let n(k) = -558 + 512 + k + k. Let x be n(21). Let i(w) be the third derivative of w**6/120 + w**5/12 + w**4/4 + 5*w**3/6 + w**2. What is i(x)?
-3
Let h(y) = -6 - 94*y + 1 + 92*y - 11 + 8. Calculate h(9).
-26
Let t(w) = 13*w**2 - 36*w - 36. Let b(c) = -8*c**2 + 24*c + 24. Let s(u) = -8*b(u) - 5*t(u). Calculate s(-9).
15
Let z(r) = -5*r - 11. Let x(y) = -2*y - 5. Let l(p) = -7*x(p) + 3*z(p). Let w = 45 - 52. Calculate l(w).
9
Let i(r) = -r**2 + 7*r - 5. Let l = -70 + 132. Let k(j) = -18*j + 266. Let c be k(18). Let n = l + c. Give i(n).
7
Let o(w) = w - 7. Suppose -5*d - d = -24. Let n = 2 - d. Let m(b) = b**2 + b + 2. Let p be m(n). What is o(p)?
-3
Let d(f) be the third derivative of -f**6/180 - f**5/40 + f**4/6 + 71*f**3/6 + 46*f**2. Let p(n) be the first derivative of d(n). Determine p(3).
-23
Let p(v) = -2*v - 20. L